{"id":1024,"date":"2020-05-30T10:43:59","date_gmt":"2020-05-30T08:43:59","guid":{"rendered":"http:\/\/segreconduite.com\/?page_id=1024"},"modified":"2023-01-31T15:05:39","modified_gmt":"2023-01-31T14:05:39","slug":"evaluation-de-depart","status":"publish","type":"page","link":"https:\/\/segreconduite.com\/index.php\/evaluation-de-depart\/","title":{"rendered":"\u00e9valuation de d\u00e9part B,A1,A2"},"content":{"rendered":"\n<p><strong>Votre toute premi\u00e8re heure, <span class=\"has-inline-color has-luminous-vivid-orange-color\">l&rsquo;\u00e9valuation<\/span>, se passe sur le simulateur. L&rsquo;estimation du  nombre d&rsquo;heures de conduite dont vous aurez besoin sera \u00e9valu\u00e9e en fonction de vos r\u00e9ponses \u00e0 des questions th\u00e9oriques, de vos attitudes, de vos comportements, de votre regard et de votre manipulation des divers commandes<\/strong>.<\/p>\n\n\n\n<figure class=\"wp-block-gallery columns-1 is-cropped wp-block-gallery-1 is-layout-flex wp-block-gallery-is-layout-flex\"><ul class=\"blocks-gallery-grid\"><li class=\"blocks-gallery-item\"><figure><img loading=\"lazy\" decoding=\"async\" width=\"510\" height=\"730\" src=\"http:\/\/segreconduite.com\/wp-content\/uploads\/2023\/01\/eval.jpg\" alt=\"\" data-id=\"1479\" data-full-url=\"http:\/\/segreconduite.com\/wp-content\/uploads\/2023\/01\/eval.jpg\" data-link=\"http:\/\/segreconduite.com\/index.php\/evaluation-de-depart\/eval\/\" class=\"wp-image-1479\" srcset=\"https:\/\/segreconduite.com\/wp-content\/uploads\/2023\/01\/eval.jpg 510w, https:\/\/segreconduite.com\/wp-content\/uploads\/2023\/01\/eval-210x300.jpg 210w\" sizes=\"auto, (max-width: 510px) 100vw, 510px\" \/><\/figure><\/li><\/ul><\/figure>\n\n\n\n<figure class=\"wp-block-gallery columns-1 is-cropped wp-block-gallery-2 is-layout-flex wp-block-gallery-is-layout-flex\"><ul class=\"blocks-gallery-grid\"><li class=\"blocks-gallery-item\"><figure><img loading=\"lazy\" decoding=\"async\" width=\"513\" height=\"730\" src=\"http:\/\/segreconduite.com\/wp-content\/uploads\/2023\/01\/eval-1-1.jpg\" alt=\"\" data-id=\"1481\" data-full-url=\"http:\/\/segreconduite.com\/wp-content\/uploads\/2023\/01\/eval-1-1.jpg\" data-link=\"http:\/\/segreconduite.com\/index.php\/evaluation-de-depart\/eval-1-1\/\" class=\"wp-image-1481\" srcset=\"https:\/\/segreconduite.com\/wp-content\/uploads\/2023\/01\/eval-1-1.jpg 513w, https:\/\/segreconduite.com\/wp-content\/uploads\/2023\/01\/eval-1-1-211x300.jpg 211w\" sizes=\"auto, (max-width: 513px) 100vw, 513px\" \/><\/figure><\/li><\/ul><\/figure>\n\n\n\n<figure class=\"wp-block-gallery columns-1 is-cropped wp-block-gallery-3 is-layout-flex wp-block-gallery-is-layout-flex\"><ul class=\"blocks-gallery-grid\"><li class=\"blocks-gallery-item\"><figure><img loading=\"lazy\" decoding=\"async\" width=\"724\" height=\"1024\" src=\"http:\/\/segreconduite.com\/wp-content\/uploads\/2020\/05\/EVALUATION-DE-DEPART-A1-A2-724x1024.jpg\" alt=\"\" data-id=\"1031\" data-full-url=\"http:\/\/segreconduite.com\/wp-content\/uploads\/2020\/05\/EVALUATION-DE-DEPART-A1-A2.jpg\" data-link=\"http:\/\/segreconduite.com\/index.php\/evaluation-de-depart\/evaluation-de-depart-a1-a2\/\" class=\"wp-image-1031\" srcset=\"https:\/\/segreconduite.com\/wp-content\/uploads\/2020\/05\/EVALUATION-DE-DEPART-A1-A2-724x1024.jpg 724w, https:\/\/segreconduite.com\/wp-content\/uploads\/2020\/05\/EVALUATION-DE-DEPART-A1-A2-212x300.jpg 212w, https:\/\/segreconduite.com\/wp-content\/uploads\/2020\/05\/EVALUATION-DE-DEPART-A1-A2-768x1086.jpg 768w, https:\/\/segreconduite.com\/wp-content\/uploads\/2020\/05\/EVALUATION-DE-DEPART-A1-A2-1086x1536.jpg 1086w, https:\/\/segreconduite.com\/wp-content\/uploads\/2020\/05\/EVALUATION-DE-DEPART-A1-A2.jpg 1240w\" sizes=\"auto, (max-width: 724px) 100vw, 724px\" \/><\/figure><\/li><\/ul><\/figure>\n","protected":false},"excerpt":{"rendered":"<p>Votre toute premi\u00e8re heure, l&rsquo;\u00e9valuation, se passe sur le simulateur. L&rsquo;estimation du nombre d&rsquo;heures de conduite dont vous aurez besoin sera \u00e9valu\u00e9e en fonction de vos r\u00e9ponses \u00e0 des questions th\u00e9oriques, de vos attitudes, de vos comportements, de votre regard et de votre manipulation des divers commandes.<\/p>\n","protected":false},"author":1,"featured_media":0,"parent":0,"menu_order":0,"comment_status":"closed","ping_status":"closed","template":"","meta":{"footnotes":""},"class_list":["post-1024","page","type-page","status-publish","hentry"],"yoast_head":"<!-- This site is optimized with the Yoast SEO plugin v24.5 - https:\/\/yoast.com\/wordpress\/plugins\/seo\/ -->\n<title>\u00e9valuation de d\u00e9part B,A1,A2 -<\/title>\n<meta name=\"robots\" content=\"index, follow, max-snippet:-1, max-image-preview:large, max-video-preview:-1\" \/>\n<link rel=\"canonical\" href=\"https:\/\/segreconduite.com\/index.php\/evaluation-de-depart\/\" \/>\n<meta property=\"og:locale\" content=\"fr_FR\" \/>\n<meta property=\"og:type\" content=\"article\" \/>\n<meta property=\"og:title\" content=\"\u00e9valuation de d\u00e9part B,A1,A2 -\" \/>\n<meta property=\"og:description\" content=\"Votre toute premi\u00e8re heure, l&rsquo;\u00e9valuation, se passe sur le simulateur. L&rsquo;estimation du nombre d&rsquo;heures de conduite dont vous aurez besoin sera \u00e9valu\u00e9e en fonction de vos r\u00e9ponses \u00e0 des questions th\u00e9oriques, de vos attitudes, de vos comportements, de votre regard et de votre manipulation des divers commandes.\" \/>\n<meta property=\"og:url\" content=\"https:\/\/segreconduite.com\/index.php\/evaluation-de-depart\/\" \/>\n<meta property=\"article:publisher\" content=\"https:\/\/www.facebook.com\/profile.php?id=100005710457316\" \/>\n<meta property=\"article:modified_time\" content=\"2023-01-31T14:05:39+00:00\" \/>\n<meta property=\"og:image\" content=\"http:\/\/segreconduite.com\/wp-content\/uploads\/2023\/01\/eval.jpg\" \/>\n<meta name=\"twitter:card\" content=\"summary_large_image\" \/>\n<meta name=\"twitter:label1\" content=\"Dur\u00e9e de lecture estim\u00e9e\" \/>\n\t<meta name=\"twitter:data1\" content=\"1 minute\" \/>\n<script type=\"application\/ld+json\" class=\"yoast-schema-graph\">{\"@context\":\"https:\/\/schema.org\",\"@graph\":[{\"@type\":\"WebPage\",\"@id\":\"https:\/\/segreconduite.com\/index.php\/evaluation-de-depart\/\",\"url\":\"https:\/\/segreconduite.com\/index.php\/evaluation-de-depart\/\",\"name\":\"\u00e9valuation de d\u00e9part B,A1,A2 -\",\"isPartOf\":{\"@id\":\"https:\/\/segreconduite.com\/#website\"},\"primaryImageOfPage\":{\"@id\":\"https:\/\/segreconduite.com\/index.php\/evaluation-de-depart\/#primaryimage\"},\"image\":{\"@id\":\"https:\/\/segreconduite.com\/index.php\/evaluation-de-depart\/#primaryimage\"},\"thumbnailUrl\":\"http:\/\/segreconduite.com\/wp-content\/uploads\/2023\/01\/eval.jpg\",\"datePublished\":\"2020-05-30T08:43:59+00:00\",\"dateModified\":\"2023-01-31T14:05:39+00:00\",\"breadcrumb\":{\"@id\":\"https:\/\/segreconduite.com\/index.php\/evaluation-de-depart\/#breadcrumb\"},\"inLanguage\":\"fr-FR\",\"potentialAction\":[{\"@type\":\"ReadAction\",\"target\":[\"https:\/\/segreconduite.com\/index.php\/evaluation-de-depart\/\"]}]},{\"@type\":\"ImageObject\",\"inLanguage\":\"fr-FR\",\"@id\":\"https:\/\/segreconduite.com\/index.php\/evaluation-de-depart\/#primaryimage\",\"url\":\"https:\/\/segreconduite.com\/wp-content\/uploads\/2023\/01\/eval.jpg\",\"contentUrl\":\"https:\/\/segreconduite.com\/wp-content\/uploads\/2023\/01\/eval.jpg\",\"width\":510,\"height\":730},{\"@type\":\"BreadcrumbList\",\"@id\":\"https:\/\/segreconduite.com\/index.php\/evaluation-de-depart\/#breadcrumb\",\"itemListElement\":[{\"@type\":\"ListItem\",\"position\":1,\"name\":\"Accueil\",\"item\":\"https:\/\/segreconduite.com\/\"},{\"@type\":\"ListItem\",\"position\":2,\"name\":\"\u00e9valuation de d\u00e9part B,A1,A2\"}]},{\"@type\":\"WebSite\",\"@id\":\"https:\/\/segreconduite.com\/#website\",\"url\":\"https:\/\/segreconduite.com\/\",\"name\":\"\",\"description\":\"\",\"publisher\":{\"@id\":\"https:\/\/segreconduite.com\/#organization\"},\"potentialAction\":[{\"@type\":\"SearchAction\",\"target\":{\"@type\":\"EntryPoint\",\"urlTemplate\":\"https:\/\/segreconduite.com\/?s={search_term_string}\"},\"query-input\":{\"@type\":\"PropertyValueSpecification\",\"valueRequired\":true,\"valueName\":\"search_term_string\"}}],\"inLanguage\":\"fr-FR\"},{\"@type\":\"Organization\",\"@id\":\"https:\/\/segreconduite.com\/#organization\",\"name\":\"segr\u00e9 conduite\",\"url\":\"https:\/\/segreconduite.com\/\",\"logo\":{\"@type\":\"ImageObject\",\"inLanguage\":\"fr-FR\",\"@id\":\"https:\/\/segreconduite.com\/#\/schema\/logo\/image\/\",\"url\":\"http:\/\/segreconduite.com\/wp-content\/uploads\/2017\/05\/cropped-2logo-fini-3Mx1M-1.jpg\",\"contentUrl\":\"http:\/\/segreconduite.com\/wp-content\/uploads\/2017\/05\/cropped-2logo-fini-3Mx1M-1.jpg\",\"width\":1360,\"height\":582,\"caption\":\"segr\u00e9 conduite\"},\"image\":{\"@id\":\"https:\/\/segreconduite.com\/#\/schema\/logo\/image\/\"},\"sameAs\":[\"https:\/\/www.facebook.com\/profile.php?id=100005710457316\"]}]}<\/script>\n<!-- \/ Yoast SEO plugin. -->","yoast_head_json":{"title":"\u00e9valuation de d\u00e9part B,A1,A2 -","robots":{"index":"index","follow":"follow","max-snippet":"max-snippet:-1","max-image-preview":"max-image-preview:large","max-video-preview":"max-video-preview:-1"},"canonical":"https:\/\/segreconduite.com\/index.php\/evaluation-de-depart\/","og_locale":"fr_FR","og_type":"article","og_title":"\u00e9valuation de d\u00e9part B,A1,A2 -","og_description":"Votre toute premi\u00e8re heure, l&rsquo;\u00e9valuation, se passe sur le simulateur. L&rsquo;estimation du nombre d&rsquo;heures de conduite dont vous aurez besoin sera \u00e9valu\u00e9e en fonction de vos r\u00e9ponses \u00e0 des questions th\u00e9oriques, de vos attitudes, de vos comportements, de votre regard et de votre manipulation des divers commandes.","og_url":"https:\/\/segreconduite.com\/index.php\/evaluation-de-depart\/","article_publisher":"https:\/\/www.facebook.com\/profile.php?id=100005710457316","article_modified_time":"2023-01-31T14:05:39+00:00","og_image":[{"url":"http:\/\/segreconduite.com\/wp-content\/uploads\/2023\/01\/eval.jpg","type":"","width":"","height":""}],"twitter_card":"summary_large_image","twitter_misc":{"Dur\u00e9e de lecture estim\u00e9e":"1 minute"},"schema":{"@context":"https:\/\/schema.org","@graph":[{"@type":"WebPage","@id":"https:\/\/segreconduite.com\/index.php\/evaluation-de-depart\/","url":"https:\/\/segreconduite.com\/index.php\/evaluation-de-depart\/","name":"\u00e9valuation de d\u00e9part B,A1,A2 -","isPartOf":{"@id":"https:\/\/segreconduite.com\/#website"},"primaryImageOfPage":{"@id":"https:\/\/segreconduite.com\/index.php\/evaluation-de-depart\/#primaryimage"},"image":{"@id":"https:\/\/segreconduite.com\/index.php\/evaluation-de-depart\/#primaryimage"},"thumbnailUrl":"http:\/\/segreconduite.com\/wp-content\/uploads\/2023\/01\/eval.jpg","datePublished":"2020-05-30T08:43:59+00:00","dateModified":"2023-01-31T14:05:39+00:00","breadcrumb":{"@id":"https:\/\/segreconduite.com\/index.php\/evaluation-de-depart\/#breadcrumb"},"inLanguage":"fr-FR","potentialAction":[{"@type":"ReadAction","target":["https:\/\/segreconduite.com\/index.php\/evaluation-de-depart\/"]}]},{"@type":"ImageObject","inLanguage":"fr-FR","@id":"https:\/\/segreconduite.com\/index.php\/evaluation-de-depart\/#primaryimage","url":"https:\/\/segreconduite.com\/wp-content\/uploads\/2023\/01\/eval.jpg","contentUrl":"https:\/\/segreconduite.com\/wp-content\/uploads\/2023\/01\/eval.jpg","width":510,"height":730},{"@type":"BreadcrumbList","@id":"https:\/\/segreconduite.com\/index.php\/evaluation-de-depart\/#breadcrumb","itemListElement":[{"@type":"ListItem","position":1,"name":"Accueil","item":"https:\/\/segreconduite.com\/"},{"@type":"ListItem","position":2,"name":"\u00e9valuation de d\u00e9part B,A1,A2"}]},{"@type":"WebSite","@id":"https:\/\/segreconduite.com\/#website","url":"https:\/\/segreconduite.com\/","name":"","description":"","publisher":{"@id":"https:\/\/segreconduite.com\/#organization"},"potentialAction":[{"@type":"SearchAction","target":{"@type":"EntryPoint","urlTemplate":"https:\/\/segreconduite.com\/?s={search_term_string}"},"query-input":{"@type":"PropertyValueSpecification","valueRequired":true,"valueName":"search_term_string"}}],"inLanguage":"fr-FR"},{"@type":"Organization","@id":"https:\/\/segreconduite.com\/#organization","name":"segr\u00e9 conduite","url":"https:\/\/segreconduite.com\/","logo":{"@type":"ImageObject","inLanguage":"fr-FR","@id":"https:\/\/segreconduite.com\/#\/schema\/logo\/image\/","url":"http:\/\/segreconduite.com\/wp-content\/uploads\/2017\/05\/cropped-2logo-fini-3Mx1M-1.jpg","contentUrl":"http:\/\/segreconduite.com\/wp-content\/uploads\/2017\/05\/cropped-2logo-fini-3Mx1M-1.jpg","width":1360,"height":582,"caption":"segr\u00e9 conduite"},"image":{"@id":"https:\/\/segreconduite.com\/#\/schema\/logo\/image\/"},"sameAs":["https:\/\/www.facebook.com\/profile.php?id=100005710457316"]}]}},"_links":{"self":[{"href":"https:\/\/segreconduite.com\/index.php\/wp-json\/wp\/v2\/pages\/1024","targetHints":{"allow":["GET"]}}],"collection":[{"href":"https:\/\/segreconduite.com\/index.php\/wp-json\/wp\/v2\/pages"}],"about":[{"href":"https:\/\/segreconduite.com\/index.php\/wp-json\/wp\/v2\/types\/page"}],"author":[{"embeddable":true,"href":"https:\/\/segreconduite.com\/index.php\/wp-json\/wp\/v2\/users\/1"}],"replies":[{"embeddable":true,"href":"https:\/\/segreconduite.com\/index.php\/wp-json\/wp\/v2\/comments?post=1024"}],"version-history":[{"count":5,"href":"https:\/\/segreconduite.com\/index.php\/wp-json\/wp\/v2\/pages\/1024\/revisions"}],"predecessor-version":[{"id":1482,"href":"https:\/\/segreconduite.com\/index.php\/wp-json\/wp\/v2\/pages\/1024\/revisions\/1482"}],"wp:attachment":[{"href":"https:\/\/segreconduite.com\/index.php\/wp-json\/wp\/v2\/media?parent=1024"}],"curies":[{"name":"wp","href":"https:\/\/api.w.org\/{rel}","templated":true}]}}